r - 3*w - 4, 3*r - 2*w = -0*r + 2. What is o(r)?
7
Let h = 3 + 36. Suppose 9*o - 4*o + h = -a, -16 = 4*a. Let t(l) = -l**3 - 8*l**2 - 7*l + 3. Calculate t(o).
3
Let f be (-60)/9 + (1 - (-8)/(-6)). Let v(r) = -r**3 - 7*r**2 + 2*r + 2. Determine v(f).
-12
Let p(r) = -8*r + 3. Let f be (12/(-5))/(-2)*35/21. Determine p(f).
-13
Let m(p) = -4*p. Let r(a) = -a**2 + 7*a + 12. Let f be r(9). Suppose 0 = 5*s - 6*s + 15. Let l be f/4*(-20)/s. Calculate m(l).
-8
Let y(w) = -w**2 + 4*w + 5. Let q be (-24)/(-20) - 16/(-20). Suppose 0 = -3*l - q*l + 30. What is y(l)?
-7
Let y(h) be the third derivative of -29*h**2 + 0*h + 0 - 1/6*h**3 + 1/12*h**4. What is y(5)?
9
Let k(h) = -h**3 - h**2 + 22*h + 10. Let z be k(-5). Let j(r) = r**3 + r**2 + r + 5. What is j(z)?
5
Let g be 2 + -3 + 1 + 2. Let j(n) be the third derivative of 1/3*n**3 + 0 - 7/24*n**4 + n**2 + 0*n. Calculate j(g).
-12
Let h(i) = -i - 9. Let w(k) be the first derivative of 5*k**2/2 + 45*k + 31. Let u(q) = 11*h(q) + 2*w(q). Give u(-7).
-2
Let u(d) = -d**2 + d - d**2 - 33 + 58 - 19 - d**3 + 3*d. Let t(b) = -2*b - 26. Let g be t(-11). What is u(g)?
22
Let y = 56 + -53. Let g(s) = s**2 + 4*s - 9*s**2 - y*s - 1. Let h = 7 - 6. Calculate g(h).
-8
Suppose 0 = 4*q + 2*t - 343 - 231, -t - 1 = 0. Let i(y) = q*y**2 - 4*y + 7 - 5*y - 143*y**2. Calculate i(6).
-11
Let i(h) be the third derivative of -h**7/840 - h**6/72 + h**5/120 + h**4/8 - 22*h**3/3 - 3*h**2. Let j(d) be the first derivative of i(d). What is j(-5)?
-2
Let o(b) = -2*b**3 + 5*b**2 + 12*b - 10. Let u be o(4). Let i(q) = q**3 + 10*q**2 - q + 2. What is i(u)?
12
Let a(c) = -7*c + 8. Let b(l) = -38*l + 40. Let p(k) = 11*a(k) - 2*b(k). Determine p(13).
-5
Suppose -5*w + 2 = -3*a, w = -a - 8 + 2. Let y(c) = 2*c**2 - c - 1. Give y(w).
9
Let c(u) = -u + 1. Let t(p) = -5*p. Let m(h) = 4*c(h) - t(h). Let y = -4 - -13. Let q be -8 + y - (1 - 0). What is m(q)?
4
Let v(c) be the first derivative of 3*c**2/2 + c - 3. Suppose 2*w = -0*w - 8. Let a be (-1)/(w/(-8)*2). Give v(a).
-2
Let g = 32 - 27. Let o(c) = -1 + g*c - 4 + 13 + 0*c. Give o(-6).
-22
Let r(s) be the second derivative of s**4/6 + 8*s**3/3 - 7*s**2/2 - 959*s. Determine r(-9).
11
Let g(o) be the second derivative of -o**4 - o**3/3 - o**2/2 + 36*o. What is g(-1)?
-11
Let h(b) = -b**2 - 15*b - 12. Let l be h(-12). Suppose -5*n + 7 = -13, 4*a + 3*n + l = 0. Let f be 1*2/(6/a). Let i(v) = -2*v - 4. What is i(f)?
2
Suppose -2*y = d - 2, -32 = -4*d - 2*y - 0. Let x(n) = -2 + 105*n - n**2 - 43*n - 52*n + 4. Determine x(d).
2
Let x be 3 + -1 + 0 + -4. Let n be 46/(-8) - x/(-8). Let p be (2 - 10)*(-3)/n. Let r(g) = -g**2 - 4*g - 5. Calculate r(p).
-5
Let s(p) = 8*p**2. Let j be (-3)/(-7) + 425/119. Let c be (2 - (-7)/(-2))*j/6. What is s(c)?
8
Let z = -28 - -9. Let i(w) = -2*w**2 - 39*w - 24. Determine i(z).
-5
Let p = 83 - 81. Let a(y) = y**3 + 2*y + 2*y**p - 3*y**2 - y. What is a(0)?
0
Let w = 45 - 41. Suppose 5*o + w*r = -9, -2*o + 2 = 3*r - 0. Let d(x) = -x**3 - 4*x**2 + 4*x - 1. Give d(o).
4
Let j(f) = -14*f + 1. Let n(z) = -55*z + 8. Let t(a) = -4*j(a) + n(a). Give t(-2).
2
Suppose -70*y + 27 = -61*y. Let f(u) be the second derivative of 1/3*u**4 - 2*u**2 - 1/20*u**5 + 1/3*u**y + 0 - 3*u. Give f(3).
11
Let h be (-3*(-8)/(-12))/(9/72). Let j(d) = d**2 + 14*d - 12. Calculate j(h).
20
Let q(z) = -z**2 - 2 + 2*z + 3*z + 4*z - 4*z. Determine q(3).
4
Let p(h) = -2*h**2 - 5*h - 2. Let o be ((-99)/(-12))/((-6)/(-56)). Let n = o - 81. Give p(n).
-14
Suppose 0 = 2*v - 8 + 4. Suppose 2*j - l = 8, -v*j + 25 = j + 5*l. Let y(o) = 18 + o**2 + 2*o - 7*o + 0*o - 25. Determine y(j).
-7
Let q(c) be the first derivative of c**3/3 + 7*c**2/2 + 10*c + 16. Let v be q(-5). Let m(w) = -w**2 - 7. Determine m(v).
-7
Let u(y) be the third derivative of -y**4/8 - 31*y**3/6 + 140*y**2. Calculate u(-9).
-4
Let x(u) = u**3 + 4*u**2 - 6. Let r(v) = v**3 - 32*v**2 + 34*v - 96. Let k be r(31). Calculate x(k).
3
Let h(o) = -o**3 + 3*o**2 + 2*o - 1. Let q be h(3). Let w(f) = 7*f - 24 - f**3 + q*f**2 + 15 + 10. Determine w(6).
7
Let t = -2 - -4. Suppose -5*u + 4*c + 8 = -t, -3*u + 6 = -3*c. Let i be u/(-1 + (-9)/(-6)). Let g(j) = -j**2 + 5*j - 1. Calculate g(i).
3
Suppose 5*d - s = 2*s - 147, 0 = -4*d + s - 119. Let o = -23 - d. Suppose 8*q = -o - 1. Let t(r) = 6*r - 1. What is t(q)?
-7
Let v(r) = -r + 3. Let t be v(4). Let b(g) be the second derivative of 13*g**4/12 - g**2/2 + 51*g. Determine b(t).
12
Let x(g) = -g**2 + 9*g + 15. Suppose 27*o = 444 - 120. Determine x(o).
-21
Let t = 90 - 88. Let v(l) = -35 + 4*l**t + 16 + 5*l + 13 - l**3. Determine v(5).
-6
Let v(i) = -635 + 212 - 2*i**2 + 212 - i + 211. Calculate v(-1).
-1
Let r(g) = 3*g + 2. Let k(v) = v**3 - 20*v**2 + v - 7. Let l be k(20). Suppose -2*y = -2*d - 2*d - 14, 3*y - 2*d = l. Determine r(y).
11
Let c(l) = l**3 - 8*l**2 - 8*l + 10. Suppose -4*i + 52 = -4*o, -7*o + 2*o - 56 = -4*i. What is c(i)?
19
Let i(a) = -8*a - 4 + 4 + 3 + 12*a - 6*a. Suppose 0*k - 3 = -k + 2*m, 0 = 3*k - m + 6. Determine i(k).
9
Let o(u) = 3*u - 5. Let x(a) = -5*a - 4. Let y(l) = 16*l + 13. Let t(m) = 14*x(m) + 4*y(m). Let r be t(-2). Suppose 4 = 9*q - r*q. Give o(q).
7
Let d(i) be the second derivative of -4*i + 1/3*i**3 + 0 + i**2 - 1/12*i**4. Let q be d(-2). Let r(c) = c**2 + 5*c - 2. Determine r(q).
4
Let b(i) = i**3 + i**2 + i - 12. Suppose 19 = -12*a - 17. Let z be (a + 5 - 3)*0. Determine b(z).
-12
Let k = -963 + 964. Let g(a) = 18*a**3 + a**2 + a - 1. Give g(k).
19
Let b be 5 - (0 + 0 - -2). Let o(n) = 3679 + 0*n**3 + 6*n**b - 3679. Calculate o(1).
6
Let j(q) = 3*q**2 + q - 1. Let a be j(2). Suppose -2 = -3*z + a. Let x(k) = -4 + k**2 + 0*k**2 + z + 3*k - k. Determine x(-3).
4
Let p be (-4 - (0 + -4))/(1 + 0). Suppose p = -4*h - 4 - 8. Let r(y) = y**2 + 4*y + 1. Calculate r(h).
-2
Let x(w) = -9*w**3 - 2*w - 1. Let l(z) = -4*z. Let h be l(-1). Suppose -b + h*b = -3. Calculate x(b).
10
Let h(p) be the first derivative of -3*p**2/2 + 2*p + 149. Calculate h(-2).
8
Suppose 2*d = k - 4, -2*k = 2 + 2. Let g be 5*4*d/(-12). Let m(q) = 2*q - 23. Let x(p) = p - 11. Let i(f) = 6*m(f) - 13*x(f). Give i(g).
0
Let w(b) = 396*b - 401*b + 16 + 6. Let n be w(3). Let g(c) = c**3 - 6*c**2 - 9*c + 10. Calculate g(n).
-4
Let p(a) = 4*a**2 + 11*a + 3. Let u(f) = 7*f**2 + 20*f + 6. Let t(y) = 5*p(y) - 3*u(y). Calculate t(-3).
3
Let j(g) be the third derivative of -g**6/120 + g**5/10 - g**4/12 - 5*g**3/6 - 10*g**2 + 8*g. What is j(4)?
19
Let h(o) = 2*o**3 + 15*o**2 - 5*o - 9. Let y(r) = r**3 + 8*r**2 - 2*r - 5. Let c(j) = -6*h(j) + 11*y(j). Determine c(-4).
-1
Let n(z) = -5*z - 10. Suppose -12*s = -336 + 456. Calculate n(s).
40
Let t(a) = a. Let b(z) = -11*z + 8. Let d(r) = -b(r) - 6*t(r). Determine d(6).
22
Let n(c) be the second derivative of -c**4/12 - 11*c**3/6 - 12*c**2 + c - 281. Calculate n(-7).
4
Let f = 31 + -25. Let q = -10 + 11. Let h(c) = q - 5*c**2 + 0*c - 2*c + 5 + c**3 - 5*c. Calculate h(f).
0
Let q(v) = -16*v**2 + 36*v + 25. Let w(z) = 3*z**2 + 2 - 168*z + 161*z - 7. Let o(m) = 2*q(m) + 11*w(m). Determine o(5).
-5
Let c(z) = -z**3 + 7*z**2 - z + 2. Let p be ((-2)/10)/((-4)/60). Suppose -6*r + 21 = -p*r. Give c(r).
-5
Let f(q) = -q**2 + 14. Let c = 2493 + -2493. Calculate f(c).
14
Let w(u) = 5*u**2 - 21*u - 8. Let q(g) = g**2 - 2*g - 1. Let p(b) = -3*q(b) + w(b). What is p(8)?
3
Let r = 21 + -16. Suppose r*p = 13 - 43. Let m(n) = -n - 3. Give m(p).
3
Let d(p) = 3*p**3 + 14*p**2 + 3*p - 7. Let l(h) = -h**3 - 7*h**2 - h + 3. Let n(o) = -2*d(o) - 5*l(o). Let g be 9 + -5 + 3 + 0. Calculate n(g).
-8
Let y(k) = k**2 + 5*k - 4. Let i be y(-6). Let o be (-9)/3 + 10/i. Let v(u) = u - o + 4 - 3 + 0*u. Give v(3).
2
Let z(h) = -h**2 + 4*h. Let d(c) = -2*c - 9. Let k = -10 + 13. Suppose -5 = 2*n - 3*v, 0*n - 4*v = -k*n - 9. Let b be d(n). What is z(b)?
-5
Let a(s) = -3*s + 4*s + s**2 + s**2 - s**2 + 2. Let w be (-10)/4 + 0 - (-12)/24. What is a(w)?
4
Let o(r) be the first derivative of -r**3/3 - r**2/2 + 5*r + 1. Let q = 103 + -101. Suppose -l + 0*l + x - 2 = 0, q*l = -4*x + 8. Determine o(l).
5
Suppose 5*u = 7*z - 2*z - 15, 3*z - 5*u = 11. Let s(x) = -5*x**z - 808 + 807 + 4*x**2. Determine s(1).
-2
Let x(y) = 3*y**2 + y. Suppose o + 32 = 5*g, 0*g + g - 5*o = 16. Suppose 2*m - 2 = -g. Give x(m).
10
Let d(t) =